{"id":54,"date":"2021-08-15T22:51:27","date_gmt":"2021-08-15T22:51:27","guid":{"rendered":"http:\/\/shabani-putz.de\/?page_id=54"},"modified":"2021-09-08T01:07:53","modified_gmt":"2021-09-07T23:07:53","slug":"das-ahrtal-haelt-zusammen","status":"publish","type":"page","link":"https:\/\/shabani-putz.de\/?page_id=54","title":{"rendered":"Das Ahrtal h\u00e4lt zusammen!"},"content":{"rendered":"\n<p>Mit urgewaltigem, ohrenbet\u00e4ubenden L\u00e4rm brachte unser Fluss, die Ahr, Tr\u00e4nen und Verzweiflung in unsere Heimat. Gro\u00dfes Leid und Zerst\u00f6rung soweit das Auge reicht. Das Ahrtal ist verw\u00fcstet, die wundersch\u00f6ne landschaftliche Perle in Schlamm und Schutt ertr\u00e4nkt.<\/p>\n\n\n\n<p>Wir Ahrtaler resignieren nicht! Die \u00c4rmel hochgekrempelt wird im ganzen Tal ger\u00e4umt, geputzt und geschwitzt bis unsere Heimat wieder gl\u00e4nzt. Mit dem Sonnenaufgang nach der Schicksalsnacht begann der Wiederaufbau, im Kleinen  in den Eigenheimen und Wohnungen, im Gro\u00dfen an der gesamten urbanen Infrastruktur und den Versorgungseinrichtungen.<\/p>\n\n\n\n<p>Aus dem ganzen Land kamen und kommen unz\u00e4hlige Helfer die uns in selbstlosem Einsatz unter die Arme greifen.  Spenden rollen Tag und Nacht ins Tal. Hilfsorganisationen und staatliche Organisationen wie THW, Bundeswehr und Polizei helfen Hand in Hand.  Mit atemberaubendem Tempo wird der Schutt beseitigt und die Versorgung der Bev\u00f6lkerung wiederhergestellt.<\/p>\n\n\n\n<p>Unsere Dankbarkeit ist unendlich.<\/p>\n\n\n\n<p class=\"has-text-align-center has-huge-font-size\">Danke Deutschland!<\/p>\n\n\n\n<p><\/p>\n\n\n\n<p class=\"has-text-align-center has-large-font-size\"><strong><a href=\"http:\/\/www.handwerk-baut-auf.de\" data-type=\"URL\" data-id=\"www.baut-mit-auf.de\">Wir unterst\u00fctzen und empfehlen die Initiative www.handwerk-baut-auf.de<\/a><\/strong><\/p>\n","protected":false},"excerpt":{"rendered":"<p>Mit urgewaltigem, ohrenbet\u00e4ubenden L\u00e4rm brachte unser Fluss, die Ahr, Tr\u00e4nen und Verzweiflung in unsere Heimat. Gro\u00dfes Leid und Zerst\u00f6rung soweit das Auge reicht. Das Ahrtal ist verw\u00fcstet, die wundersch\u00f6ne landschaftliche Perle in Schlamm und Schutt ertr\u00e4nkt. Wir Ahrtaler resignieren nicht! Die \u00c4rmel hochgekrempelt wird im ganzen Tal ger\u00e4umt, geputzt und geschwitzt bis unsere Heimat wieder &hellip; <\/p>\n<p class=\"link-more\"><a href=\"https:\/\/shabani-putz.de\/?page_id=54\" class=\"more-link\"><span class=\"screen-reader-text\">\u201eDas Ahrtal h\u00e4lt zusammen!\u201c<\/span> weiterlesen<\/a><\/p>\n","protected":false},"author":1,"featured_media":0,"parent":0,"menu_order":0,"comment_status":"closed","ping_status":"closed","template":"","meta":[],"_links":{"self":[{"href":"https:\/\/shabani-putz.de\/index.php?rest_route=\/wp\/v2\/pages\/54"}],"collection":[{"href":"https:\/\/shabani-putz.de\/index.php?rest_route=\/wp\/v2\/pages"}],"about":[{"href":"https:\/\/shabani-putz.de\/index.php?rest_route=\/wp\/v2\/types\/page"}],"author":[{"embeddable":true,"href":"https:\/\/shabani-putz.de\/index.php?rest_route=\/wp\/v2\/users\/1"}],"replies":[{"embeddable":true,"href":"https:\/\/shabani-putz.de\/index.php?rest_route=%2Fwp%2Fv2%2Fcomments&post=54"}],"version-history":[{"count":7,"href":"https:\/\/shabani-putz.de\/index.php?rest_route=\/wp\/v2\/pages\/54\/revisions"}],"predecessor-version":[{"id":110,"href":"https:\/\/shabani-putz.de\/index.php?rest_route=\/wp\/v2\/pages\/54\/revisions\/110"}],"wp:attachment":[{"href":"https:\/\/shabani-putz.de\/index.php?rest_route=%2Fwp%2Fv2%2Fmedia&parent=54"}],"curies":[{"name":"wp","href":"https:\/\/api.w.org\/{rel}","templated":true}]}}